 common divisor of q and 42.
21
Let n be 3/15 + (-12)/(-15). Suppose -1 = 3*z + 35. Let u be (-8)/(-14)*(-42)/z. What is the highest common factor of u and n?
1
Suppose -x - 91 = 2*k, -x - 48 = 5*k + 31. Let i = x - -204. Let b = -23 - -65. Calculate the greatest common factor of b and i.
21
Let f be -1*6*(-3)/6. Suppose 0 = b - 2 - f. Suppose 0*x = -4*v - 2*x + 178, -95 = -2*v + 5*x. Calculate the greatest common factor of v and b.
5
Suppose 0 = 89*v - 88*v - 56. What is the greatest common factor of 42 and v?
14
Suppose -7*c - 4*d + 6068 = -2*c, 3*c - 3663 = 5*d. Calculate the highest common divisor of c and 64.
64
Suppose -4*h - 2*x - 76 = 0, 0 = -x + 4 - 0. Let n = 42 - h. Calculate the greatest common divisor of 9 and n.
9
Let b be -1*2 - (-18 - 6). Suppose -10*u + b = -98. Calculate the highest common factor of 12 and u.
12
Let c = 4 - 0. Suppose -4*j = 4, -l - 2 = c*j - 1. Suppose -l*a + 22 = -a. What is the greatest common divisor of 121 and a?
11
Let z(d) = -21*d - 50. Let y be z(-16). What is the highest common factor of 22 and y?
22
Let b = 213 + -150. Calculate the greatest common divisor of 1575 and b.
63
Let l be (5*(-3)/30)/((-3)/1248). Calculate the highest common divisor of l and 39.
13
Let m(y) be the first derivative of -y**3/3 - 3*y**2/2 + 17*y + 2. Let i be m(-5). Suppose -d + 57 = -i. Calculate the highest common divisor of d and 8.
8
Let h(m) = m**2 + 23*m + 80. Let l be h(-25). Calculate the greatest common divisor of l and 30.
10
Let u(k) = k**3 - 18*k**2 - 53*k + 37. Let j be u(21). What is the highest common factor of j and 38?
19
Suppose 70 = -3*s + 94. Suppose 0 = s*b + 5*b - 416. Let o(m) = 10*m**2 - 3*m - 1. Let k be o(3). Calculate the highest common divisor of b and k.
16
Let f(z) = 2*z + 18 + 0*z + 12. Let s be f(9). Calculate the highest common divisor of 16 and s.
16
Let v(d) = 38*d + 180. Let g be v(0). Let b be 294/15 + (-4)/(-10). What is the highest common divisor of g and b?
20
Suppose 11*l - 13*l - d + 191 = 0, -4*d - 20 = 0. What is the highest common divisor of 1127 and l?
49
Let h = -86 - -232. Suppose -h = d - 487. What is the greatest common divisor of 31 and d?
31
Let k(g) = g**3 - 12*g**2 + 13*g - 17. Let c be k(11). Suppose -20 = -c*u, 4*u - 91 = -2*v + v. Let o = 99 + -69. What is the highest common divisor of o and v?
15
Suppose -3*b + c + 338 = -4*c, -242 = -2*b - 5*c. Let g be b/10 + (-6)/(-15). Suppose 3*f = 27 + g. What is the greatest common factor of 65 and f?
13
Let o be 2*1/4*58. Suppose 0 = -2*b + 19 + o. Calculate the greatest common factor of 16 and b.
8
Let d be (-4)/(-3)*(-15)/10. Let g be -14 + (d - (-1 - -1)). Let p be -2*28/g*14. What is the greatest common factor of 7 and p?
7
Suppose -3*y = -1163 + 362. Calculate the highest common divisor of 3 and y.
3
Suppose 15*j - 959 + 89 = 0. Let x = j - 55. Calculate the highest common divisor of 12 and x.
3
Suppose 5*d = -2*a + 6*a - 20, -2*a + 10 = 4*d. Suppose 3*r - 12 = -d. Calculate the highest common divisor of 10 and r.
2
Suppose 384 = 2*p + 3*g, p - 2*g - 190 = -4*g. Calculate the highest common factor of p and 9.
9
Suppose 4*p - 6*h = -3*h + 161, -h = -5. Let w = 266 + -255. Calculate the highest common divisor of w and p.
11
Let s be 46170/57 - -1*2. What is the greatest common factor of s and 29?
29
Let q(v) = v**3 + 8*v**2 - v - 6. Let i be q(-8). Suppose -140 = -0*m - 5*m. Let z be (-108)/(-21)*m/8. What is the highest common divisor of i and z?
2
Let v be 27 - (5 + -10 - (-14)/2). Suppose 4*r = 2*r + 500. What is the greatest common factor of v and r?
25
Suppose 4*j = 2*j + 78. Suppose 0 = 4*f + f + 60. Let v = f - -38. What is the highest common factor of v and j?
13
Suppose 0 = 45*x - 60*x + 2700. Calculate the greatest common factor of x and 20.
20
Let m(p) = -p**2 - 3*p + 45. Let q be m(0). What is the highest common divisor of 120 and q?
15
Suppose 188 = 26*d - 28*d. Let a = 8 - d. Calculate the highest common divisor of 51 and a.
51
Let r(k) = 85*k**2 - k - 2. Let j be r(-1). Let x = j - 54. What is the greatest common divisor of 240 and x?
30
Suppose d = 0, -4*v - 2 = -5*v - 4*d. Suppose -b = v - 3. Suppose 0 = a - 2*a + 11. Calculate the greatest common divisor of a and b.
1
Suppose -8*m + 4*m = -2*q - 6, 0 = -2*q + 5*m - 7. Let l(r) = 27*r**2 - r. Let y be l(q). What is the greatest common divisor of y and 42?
14
Let q = -231 + 242. Calculate the greatest common factor of q and 33.
11
Let o = 550 + -388. Calculate the highest common divisor of o and 108.
54
Suppose -45*h + 49*h + 4*x = 2612, 2603 = 4*h + x. Calculate the highest common factor of 50 and h.
50
Suppose 4*j = q - 14, 7*j - 2*j = 15. What is the greatest common factor of q and 338?
26
Let w(g) = -49*g + 4. Let j be w(2). Let z = j + 185. Let x = 142 - z. Calculate the highest common factor of 17 and x.
17
Let o be ((-162)/135)/(9/(-1995)). Calculate the greatest common divisor of 304 and o.
38
Suppose 5*a - 3*u - 420 = 0, 2*u = -4*a - 0*u + 336. Let t = a + -81. Suppose 3*j + 4 = 7*j. Calculate the highest common divisor of t and j.
1
Let p = 180 - 114. Calculate the highest common factor of 165 and p.
33
Suppose -6*o = -2*o. Suppose -5*s - 5*w = -775, o*s + 3*s = w + 453. What is the highest common factor of s and 19?
19
Let y be 160 + (2 + 1 - 8). Let m = -146 + y. Calculate the highest common factor of m and 3.
3
Let p be 6/(-15) - (-96)/15. Let m(v) = 3 + v**2 + 3*v + 0*v + 0*v - 5*v. Let a be m(p). What is the greatest common divisor of a and 3?
3
Let o(m) = 1 + 1 - 11 + 3*m. Suppose 0 = -7*q + 17*q - 100. Let n be o(q). Calculate the greatest common divisor of n and 7.
7
Let i(p) = 10*p - 22. Let c be i(-5). Let n = -63 - c. Calculate the highest common divisor of 81 and n.
9
Let w = 11 + 127. Calculate the highest common factor of 46 and w.
46
Suppose 0 = 4*p - 3*z - 40, 16*p + 4*z = 11*p + 50. Calculate the highest common factor of p and 70.
10
Suppose x = 3*p + 5*x - 441, -2*x + 588 = 4*p. Let h = p - 146. Calculate the greatest common divisor of 8 and h.
1
Let i = -1732 + 1760. Let w = 0 - 0. Suppose w*s + 84 = 2*s. Calculate the greatest common factor of s and i.
14
Let z be 6/(-21) + (-5422)/(-14). Suppose 33*k - 341 - 1078 = 0. Calculate the highest common factor of k and z.
43
Suppose -2*q + 55 = 41. Suppose 0 = -q*p - 2*p + 360. What is the greatest common factor of p and 16?
8
Let k be 3*(-3)/(-3 + 0). Suppose -4*p = -k*r + 51, r + 32 = 3*r - 2*p. Suppose -4*n = -r - 43. What is the greatest common factor of 2 and n?
2
Let c = -42 + 26. Suppose -3*o + 47 = -49. Let x be c/3*(-264)/o. Calculate the highest common factor of x and 11.
11
Suppose -2*k + 21 - 3 = 0. Suppose -b + 8*b - 441 = 0. What is the greatest common divisor of b and k?
9
Suppose 0 = -2*w - k + 23, 0*k - 3*k + 42 = 3*w. Let h = -1 + 1. Let s(y) = y**3 + y**2 + y + 3. Let a be s(h). Calculate the highest common divisor of a and w.
3
Suppose 312 = 5*u - f, 0 = 5*u - 3*f - 142 - 164. Calculate the highest common divisor of 147 and u.
21
Suppose 5*t - 130 = -3*n, -17 - 3 = -n + 3*t. Let f(h) = -5*h - 3. Let j be f(-2). What is the greatest common divisor of n and j?
7
Suppose 2*k + k - 15 = 0. Let o be (2/(-4))/((13/36)/13). Let f = o - -43. What is the greatest common factor of k and f?
5
Let s be ((-6008)/10 - 1/5)/(-1). Suppose -s + 151 = -5*n. Calculate the highest common divisor of 135 and n.
45
Let l = 50 + -48. Suppose 2*s = -u + 10, l*s = s - 1. Calculate the highest common factor of u and 6.
6
Suppose -9*l + 24 = -6*l. Suppose l*z = 2*z + 48. What is the greatest common factor of z and 1?
1
Suppose 0*f = f + 11. Let s(v) = -v**3 - 9*v**2 + 11*v + 4. Let y be s(f). Suppose 0 = -2*u - 3*u + y. Calculate the highest common divisor of u and 100.
25
Let u = 36 + -10. Let z be (2 - (-1 + -2))*1. Suppose -3*y = -z*d - 40, -3*d = 5*y - u - 86. Calculate the highest common divisor of y and 50.
10
Let r = -10 + -27. Let w = r - -112. Calculate the highest common factor of 25 and w.
25
Let t(g) = 14*g**2 + g + 9. Let m be t(3). Let k = m + -123. Calculate the highest common factor of k and 165.
15
Let k = -43 + 50. Suppose 291 + 17 = k*s. Calculate the highest common factor of s and 11.
11
Suppose -m - 9 - 14 = -5*x, -21 = 2*m - 5*x. Suppose 4*z - 37 = -4*p + 99, -m*z +